 factor of n and 22.
22
Let r be 45 - 6*(-3)/6. What is the highest common factor of r and 16?
16
Suppose -4*q + 4 = 2*t, 5*q - 2*t - 3*t = 35. Suppose -w = -c + q, -5*w + w = -c. What is the highest common factor of w and 9?
1
Let h = -18 + 56. Calculate the greatest common factor of h and 57.
19
Let j = -9 + 17. Suppose 2*g - 4*m = 120, -g + 126 = g - m. What is the greatest common divisor of j and g?
8
Suppose 0 = -2*o + 4*b - b - 31, 4*o - 3*b = -47. Let h(r) = -5*r - 7. Let w be h(o). Suppose -3 = -a + w. Calculate the highest common divisor of a and 4.
4
Let j be (2/3)/((-8)/36). Let o be 40/3 + j/9. What is the highest common factor of 26 and o?
13
Let r = 105 + 51. What is the greatest common divisor of r and 6?
6
Let c be -4 + 6 + (-6)/(-2). Let w = 3 - c. Let a be 21 + 0 + -2 + w. What is the highest common factor of a and 51?
17
Suppose -4*f + 12 = -4. Suppose -4*i + 62 = t, -f*t = -7*t - 3*i + 195. What is the highest common factor of t and 44?
22
Suppose -4 = 2*p - 12. Suppose 332 = 3*h - c, 2*h - 187 - 39 = 3*c. Suppose p*t - h = 2*t. What is the highest common divisor of t and 11?
11
Let g = -11 - -13. Let v be g/12 - (-356)/24. Calculate the highest common divisor of v and 90.
15
Suppose -347 = -5*n + 143. Calculate the greatest common divisor of 14 and n.
14
Let b be 0/(0 - (-2 + 4)). Let s = 0 + b. Suppose -6*w + 3*w + 99 = s. What is the greatest common divisor of 22 and w?
11
Suppose 18 = 5*y - s, 0 = 2*y - s + 2*s - 10. Suppose 0*p + 4 = y*p. Calculate the greatest common divisor of p and 5.
1
Let x(j) = j**3 + 14*j**2 - 15*j + 1. Let w be x(-15). Let y be w/(-1) + 6 - -3. What is the greatest common factor of 40 and y?
8
Let k be 12/(-8)*(-1 + -1). Let m be 126/k*22/3. Suppose -3*w = w - m. Calculate the highest common factor of 7 and w.
7
Suppose -2*r - 8 = 12. Let g = 25 + r. Calculate the highest common factor of g and 135.
15
Let j = 93 - 63. What is the greatest common divisor of j and 330?
30
Let j = -62 - -40. Let s = 167 - j. Calculate the greatest common factor of s and 27.
27
Suppose -23 = 4*r - 79. Let k = 0 + -1. Let o be (k/2)/((-1)/28). What is the greatest common factor of o and r?
14
Suppose -250 = -8*r + 46. Calculate the greatest common divisor of r and 148.
37
Let r = -27 + 40. Suppose 0 = 4*v - 109 + r. Suppose 0 = 2*c - 31 - 41. Calculate the greatest common divisor of c and v.
12
Let d = 6 + 32. Suppose 5*b - 2*b - 57 = 0. Calculate the highest common factor of b and d.
19
Let w = -7 + 11. Let n = 0 + 11. Let m = 13 - n. Calculate the greatest common divisor of w and m.
2
Let j be 7 + -1 - (0 + 2). Let x be ((1 + j)*1)/1. Calculate the highest common divisor of 10 and x.
5
Suppose 0*b + 4*b - 672 = 0. Let m be ((-32)/20)/(10/(-150)). What is the highest common divisor of m and b?
24
Suppose -3*j = -15, 0*j - 228 = 4*b + 4*j. Let z = b - -125. Let c(l) = -l**3 + 6*l**2 - 5*l + 7. Let d be c(5). What is the greatest common factor of d and z?
7
Let p = 116 + -55. Let l = p - 36. Let b be (((-455)/(-28))/(-13))/(2/(-8)). What is the highest common factor of b and l?
5
Suppose u + 21 = 129. Calculate the greatest common divisor of u and 12.
12
Let a = 24 - -42. What is the greatest common divisor of a and 88?
22
Let d = 22 - 10. Let g(y) = 27*y + 2. Let i be g(4). Suppose 4*k = i + 130. Calculate the highest common divisor of k and d.
12
Let j(c) = c**2 + 5*c + 6. Let q be j(-4). Suppose -2*u + 3*p + 41 = 0, -5*p + 10 = u - 3*p. Suppose q*r + 0 = u. What is the highest common factor of r and 40?
8
Suppose p - 4*p + 36 = 0. Suppose -r - 2*r = -6. Suppose -2*s - r*b + 5 + 9 = 0, 3*b = 12. What is the greatest common factor of s and p?
3
Let c = -14 - -58. What is the highest common divisor of c and 4?
4
Suppose -3*r + 10 = 5*i, 3*r - 4*r - 2 = -i. Let a = 3 - r. What is the greatest common divisor of a and 27?
3
Let o = -3 + 3. Suppose -2*x + 3*n + 21 - 4 = o, 4*n = -5*x + 100. Calculate the greatest common factor of 4 and x.
4
Suppose -c = -f - 36, -2*c = 10*f - 7*f - 62. What is the highest common divisor of 2 and c?
2
Let y(j) = 3*j. Let l be y(1). Suppose -3*s = s - l*r - 147, -3 = 3*r. Calculate the greatest common divisor of 54 and s.
18
Suppose -5*p = -63 - 7. Calculate the greatest common factor of p and 126.
14
Suppose 5*c - 10 = -0*c - h, -3*h - 8 = -4*c. Let s = 30 - 16. What is the greatest common factor of s and c?
2
Let x(o) = 239*o + 14. Let y be x(1). What is the highest common factor of 23 and y?
23
Let b(z) = -z**3 + 3*z**2 - z - 2. Let s be b(2). Suppose -2*c + 56 = -s*c. Calculate the highest common divisor of c and 70.
14
Suppose 24*w - 1615 = 1841. What is the greatest common factor of w and 36?
36
Suppose 2*z + 3*z - 40 = 0. Let f(j) = 24*j. Let y be f(3). Calculate the highest common factor of z and y.
8
Suppose -3*y = -9 + 3. Let i be 13*y + -1 + -1. What is the greatest common divisor of i and 4?
4
Let u = -5 + 5. Suppose 0 = 3*z + j - 6 - 2, 4*z + 4*j = u. Let f = z + 18. Calculate the highest common factor of 110 and f.
22
Suppose 1166 + 772 = 17*j. What is the greatest common divisor of j and 285?
57
Let w be (-444)/(-14) + (-10)/(-35). Calculate the highest common divisor of w and 4.
4
Let o be 4/((-2 + -1)/57). Let u be (-3 - (o + 1)) + -2. What is the greatest common divisor of 28 and u?
14
Suppose 2 = -y + 12. Let x = 4 + -2. Calculate the greatest common factor of y and x.
2
Suppose -f + 94 = 4*u, 3*u + 4*f = -2*u + 112. Calculate the highest common divisor of 6 and u.
6
Let h = 30 - 48. Let u = 44 + h. Let c be 9/(27/120) - 1. Calculate the highest common factor of u and c.
13
Let m be (-1)/(1*(-3)/45). Calculate the highest common divisor of 30 and m.
15
Let b be 15/(-2)*(-12)/30. What is the greatest common factor of b and 57?
3
Let g = 65 + -46. Calculate the greatest common factor of g and 209.
19
Let v be 74/4 - 2/4. Let t be 3*(-5 - 0) + -1. Let f = -7 - t. What is the highest common divisor of f and v?
9
Let k be (5 - (-3)/(-1)) + 1. Suppose 2*t - 20 = -k*t. Calculate the highest common factor of 32 and t.
4
Suppose 5*d = -y + 195, 0*y - 4*y + 3*d = -895. Calculate the highest common factor of y and 20.
20
Suppose -2*g + y - 2 = 4*y, 5*g - 5*y + 30 = 0. Let x be -2*9/g*10. Calculate the highest common divisor of x and 30.
15
Suppose -2*q + 5 = -7. Calculate the highest common factor of 54 and q.
6
Let a be (-15)/10 + (-57)/(-6). What is the highest common factor of a and 56?
8
Let n = 8 + -23. Let q = n + 26. What is the greatest common factor of 55 and q?
11
Suppose 18*l - 6*l - 348 = 0. What is the highest common divisor of l and 87?
29
Let o be ((-4)/2)/((-2)/9). Let t be 7/(0 - (-4 - -3)). Let m(z) = 2*z**2 - z - 10. Let i be m(t). Calculate the highest common divisor of i and o.
9
Suppose -2*f = 2*f. Let t(b) = -b**2 + b + 13. Let u be t(f). What is the greatest common divisor of u and 130?
13
Suppose -5*q - 2*o = -68, 0 = -4*q - 2*o + 3*o + 57. Suppose -4*d + 6 = -2. Suppose 0 = -4*p + d*p + 224. Calculate the greatest common factor of p and q.
14
Let h be 2/2 - (1 + -128). Calculate the highest common divisor of h and 16.
16
Let g be 1/(-1)*(1 - 1). Suppose r + 3*r - 4 = g. Suppose -6 = -2*u + 4*o, -3*o - 14 = -3*u - 2*o. Calculate the highest common factor of r and u.
1
Let i be 1/(3*1/393). Suppose i = 2*f - 79. Calculate the highest common factor of 15 and f.
15
Let i be 1*(-5)/(-1 + 0/3). Calculate the greatest common factor of 15 and i.
5
Let a = -10 - -20. What is the highest common divisor of 5 and a?
5
Suppose o + r = -4*o + 40, -5*o + 70 = -5*r. What is the highest common divisor of o and 45?
9
Suppose 0 = 3*x - 3 - 6. Suppose 2*q + a - 36 = 5*a, -x*q = -4*a - 50. Suppose q - 2 = 2*h. What is the greatest common divisor of 6 and h?
6
Suppose -3*u = 0, -4*z + 0*z - 12 = 5*u. Let w = z + 16. What is the highest common divisor of 104 and w?
13
Let w be 7/(-2)*(-23 + 1). Let v(j) = -38*j. Let n(u) = 13*u. Let m(i) = 17*n(i) + 6*v(i). Let l be m(-1). What is the highest common factor of l and w?
7
Let u = -24 - -72. Let n = 63 - 31. Calculate the highest common factor of n and u.
16
Suppose -3*l + 8 = i - 3*i, -2*l = -4*i. Suppose 0*d = d - 7. Let a = -5 + d. What is the highest common divisor of i and a?
2
Let p(v) = -v - 4. Let x be p(-6). Let i = 